 1621
Let b be (12 - 18)/(2 + (-3772)/1880). List the prime factors of b - (-32)/(-40)*5.
2, 3, 13
What are the prime factors of (-182)/(-1001) + (-62)/(-22) + 18425?
2, 17, 271
Suppose 15237 = 5*t + 22*t - 24*t. What are the prime factors of t?
3, 1693
Suppose 0 = -12*r - 40186 + 152386. What are the prime factors of r?
2, 5, 11, 17
Suppose 200137 = 5*h + 220*z - 217*z, -4*h + 4*z + 160116 = 0. List the prime factors of h.
2, 10007
Let x(r) = 752*r**2 - 11*r + 16. Let g be x(2). Let i = g + -1786. What are the prime factors of i?
2, 19
Let z = 15177 + -15170. Let v(k) = -222*k + 1. Let l be v(-1). Suppose -120 - l = -z*w. What are the prime factors of w?
7
Suppose -3*q - 3453 = 3*o, -q - 6*o = -o + 1159. What are the prime factors of (1/1)/(q/1152 + 1)?
2, 3
Let m = 27745 - 16875. List the prime factors of m.
2, 5, 1087
Suppose -6*b + 29*b = 26105. Suppose 5*a - o - o - b = 0, 460 = 2*a - 2*o. List the prime factors of a.
3, 5
Let h = 8334 + -3166. What are the prime factors of h?
2, 17, 19
Let w(a) = a**3 - 4*a**2 - 3*a - 3. Let o be w(5). Suppose -b - o = -3*u, u + u - 35 = 3*b. Let l(y) = -15*y - 2. What are the prime factors of l(b)?
193
Let b(d) = 3*d**2 - 6*d + 9. Let r be b(5). Suppose -10*v + 436 = -r. What are the prime factors of (v/2)/(24/48)?
7
Let n(a) = 8*a**3 - 10*a**2 + 24*a + 43. List the prime factors of n(17).
5, 73, 101
Suppose -2*s - 5*o + 19120 = -o, 0 = -4*s + 3*o + 38262. What are the prime factors of s?
2, 3, 797
Suppose 2 + 34 = 4*g. Let a(j) = g*j**3 + 4*j**2 - 10 + 2*j**2 - 10*j**3 + 4*j**2 + 4*j. What are the prime factors of a(9)?
107
Let x = 1259 - -40308. List the prime factors of x.
197, 211
Let h(i) = -i**3 - 4*i**2 + 3*i + 17. Let x be h(-4). Suppose 6*n = 2*n - 5*r + 3223, -x*r = -5*n + 4085. List the prime factors of n.
2, 7, 29
Suppose 0 = -6*z - 2575*b + 2578*b + 271413, 4*z - 180936 = -4*b. What are the prime factors of z?
5, 83, 109
Suppose 5*c - 4276 - 16069 = -2*q, 0 = 11*c - 11. What are the prime factors of q?
2, 3, 5, 113
Let j be -42*(5/(-2) - -1). Let q be (-32542)/(-954) - (-1)/(-9). Let y = j - q. List the prime factors of y.
29
Let s(i) = -4*i + 11. Let o be s(2). Suppose 6 = o*d + 2*d - 2*t, 4*d + 2*t = -6. What are the prime factors of 1 + -2 + (d + 1)*12?
11
Let n(h) = -23*h - 92. Let j be n(-4). Suppose j = -10*m + 3*m + 10038. What are the prime factors of m?
2, 3, 239
Let s be -705*2*(-4)/(-8). Let i = -137 - s. What are the prime factors of i?
2, 71
Suppose 1976601 + 910509 = -15*y. What are the prime factors of (-6)/(-57) + y/(-323)?
2, 149
Suppose -2*l = 4*u - 12 - 14, 4*u - 6 = 2*l. Let d(h) = 6*h - 2. Let z be d(l). Suppose 23*q = z*q - 245. What are the prime factors of q?
7
Suppose -7144 = 8*j - 9541 - 31859. List the prime factors of j.
2, 2141
Let b(s) be the third derivative of 121*s**6/60 + s**5/15 - s**4/12 - 259*s**2 + 2. Let p(j) = -j - 4. Let w be p(-5). What are the prime factors of b(w)?
2, 61
Suppose -1293 = -58*s + 1143. Suppose 4*h = 5*c - 1131, -3*h + 23 = 4*c - 888. Let j = c - s. What are the prime factors of j?
5, 37
Suppose y - 24969 = p, 2*y - 8197 = -2*p + 41765. List the prime factors of y.
3, 5, 37
What are the prime factors of 85*((-13)/39)/((-15)/1989)?
13, 17
List the prime factors of ((-7844)/12 + -1)*(-8 - 7).
2, 5, 491
Let o(i) = -45*i - 7. Let g(v) = 181*v + 28. Let f(p) = 2*g(p) + 9*o(p). Let r be f(-11). Suppose 5*k - 249 = r. What are the prime factors of k?
11, 13
List the prime factors of (1 + 0 - 8656/1)/((-440)/880).
2, 3, 5, 577
Let p(g) = 32*g**2 - g. Suppose 12*z + 9 = -3. Let n be p(z). Suppose 8*m + n = 561. List the prime factors of m.
2, 3, 11
Let s(t) be the first derivative of -3*t**4/4 + 12*t**3 + 6*t**2 + 6*t + 118. What are the prime factors of s(12)?
2, 3, 5
Suppose -3*h = -i + 6071, -9*h = 4*i - 3*h - 24392. What are the prime factors of i?
6089
Suppose -31*z = -29*z - 4*x - 28, 0 = 5*z + 4*x. Let s = 2 + 5. Suppose z*t - 3*i - 500 = 0, -s*i + 404 = 3*t - 2*i. List the prime factors of t.
2
List the prime factors of 12/96 - 383474/(-112).
2, 107
Suppose -44 = -5*p - 3*h, -p + 4*h + 58 = 4*p. Suppose -1641 = -p*l + 909. List the prime factors of l.
3, 5, 17
Let r be (3/6)/(1/(-4)). Let h = 115 + -103. List the prime factors of (20/h + r)*-69.
23
Let o(d) = -5*d**3 - 20*d**2 - 51*d + 129. What are the prime factors of o(-19)?
3, 9391
Let x(a) = -a**3 + 7*a**2 - 5*a - 2. Let z be x(6). Let c(k) = -26*k - 40. Let y be c(-16). Suppose -2*i = -z*i + y. List the prime factors of i.
2, 47
Let q(d) = 8*d**2 - 36*d + 4. Let o be (1 + 0)/(5/(-10)) + 13. List the prime factors of q(o).
2, 3
Suppose -15328 = -4*j - 4*s, -3*j - 6*s + 7513 = -3998. List the prime factors of j.
43, 89
Suppose 18*m + 8*m = 52. List the prime factors of (-6*(-2830)/(-15))/((-4)/m).
2, 283
What are the prime factors of (105468/220)/((-4)/(-20))?
3, 17, 47
Let w = 15 + -13. Suppose 24 = 2*k + 3*r - w, -4*r - 35 = -k. Let a = k + 65. List the prime factors of a.
2, 3, 7
Let b(c) = 38*c + 179. Let y(i) = 78*i + 356. Let j(s) = 5*b(s) - 3*y(s). What are the prime factors of j(-19)?
3, 13, 17
Suppose 4*l - 2*l = 302. Let m = -80 + l. Suppose -2*g = -11 - m. What are the prime factors of g?
41
Suppose 2*p + 3*d - 17 = 0, -26 - 17 = -4*p + 3*d. Let a(g) = -5*g**3 + 12*g + 0*g + 7*g**2 + 3*g**2 + 4*g**3 - 16. What are the prime factors of a(p)?
2, 13
List the prime factors of 27/189 + (-269101)/(-49).
2, 1373
List the prime factors of ((27 + -42)/((-6)/(-4)))/((-2)/4770).
2, 3, 5, 53
List the prime factors of (-25)/(450/(-252)) - -801.
5, 163
Let o(r) = -10*r + 1 + 1 + 24*r + 10*r. Let k = 5 - 2. What are the prime factors of o(k)?
2, 37
Let h(g) = 2*g - 17. Let r be h(8). Let t be (r + -1)/((-24)/(-36)). Let i = t + 79. List the prime factors of i.
2, 19
Let s be -228 - 2*3/2. Let x be 6/15 + 1268/(-20). Let c = x - s. What are the prime factors of c?
2, 3, 7
Let i = -135 - -65. Let g = i - -17. Let t = 71 + g. What are the prime factors of t?
2, 3
Suppose -3*v = 5*m - 15, m + 2*v - 1 - 2 = 0. Let x = 72 - m. Suppose 3*p - 21 = x. List the prime factors of p.
2, 3, 5
Let n be (-7 - 9/(-3))*-1. Suppose 79 = 37*w + 5. Suppose w*q = -n*q + 240. What are the prime factors of q?
2, 5
Let z(q) = -8*q - 174. Let o be z(-22). Suppose -4*l + 1345 = 5*i, o*l + 4*i - 594 = 86. List the prime factors of l.
2, 3, 5, 11
Let h = -284 + 307. What are the prime factors of h?
23
Let i be (360/(-144))/((-2)/12). Let c(y) = 4*y**2 - 12*y + 194. List the prime factors of c(i).
2, 457
Let v be (-114)/42 + 3 + (-2959)/(-7). Suppose 3*g = g - 10, q + 2*g = -7. Suppose q*u = -6*u + v. What are the prime factors of u?
47
Suppose 25*p = 9*p + 1472. Let g = p - -271. What are the prime factors of g?
3, 11
Suppose -19*k - 350 = -12*k. What are the prime factors of (-30)/1*620/k?
2, 3, 31
Suppose -4728 = 5*y + l - 11422, -5*y + 6690 = 5*l. Let u = y - 758. List the prime factors of u.
7, 83
Let c be (-7)/(-3) + (2/3 - 1). What are the prime factors of (-3 + c - -142) + -4 + 7?
2, 3
Let c = -9424 + 15735. What are the prime factors of c?
6311
Suppose 28 = -8*u + 60. Suppose -m = u*a - 659, 3*a - 503 = -0*m + m. What are the prime factors of a?
2, 83
Let s be (-5 - (-20)/4)/(-3 - -2). Suppose 2*m - 5*z - 78 = s, -2*z - 4 = -0*z. List the prime factors of m.
2, 17
Let s = 7520 - 4218. What are the prime factors of s?
2, 13, 127
Suppose -24*k + 33064 = -59733 + 6205. List the prime factors of k.
2, 11, 41
Let l be (-1 - 50)/(3/(-16)). Let d = 487 - l. Suppose 3*n - d - 10 = 0. List the prime factors of n.
3, 5
Suppose 12 = -i + 11. Let q = i - -5. Suppose -q*c = -58 - 82. What are the prime factors of c?
5, 7
Let j be -3 - (34 + 2 - 3). What are the prime factors of -1137*((-4)/(j/(-15)) + 1)?
2, 379
Suppose 22 = 2*u + 22. What are the prime factors of 921 - (-6 - (u + 0 - 3))?
2, 3, 7, 11
Let p = -155 - -155. Let j(y) = -y**3 + y**2 + y + 90. List the prime factors of j(p).
2, 3, 5
Let n be (-54)/45*(3 + 33/(-6)). Suppose 0 = -3*u - 2*u + 565. Suppose 3*c + m - n*m - 297 = 0, -c + u = 4*m. List the prime factors of c.
101
Suppose -13*d + 3*i + 23376 = -10*d, 2*i - 8 = 0. What are the prime factors of d?
2, 1949
Suppose 4*x + 84398 + 74520 = 6*k, 52974 = 2*k - x. What are the prime factors of k?
26489